en (-2)/(-3) + 290/6 is divided by m?
15
Suppose -3*m - t + 9 + 1 = 0, 5*t = -25. Calculate the remainder when 43 is divided by m.
3
Suppose -2*q - q - 2*a + 109 = 0, -a - 186 = -5*q. Let m = q - 21. Suppose -7*g + 3*g = 2*t - 42, -3*g = t - 16. What is the remainder when t is divided by m?
15
Calculate the remainder when -4*(-3 + 68/(-16)) is divided by 15.
14
Let p be 1/((-10)/(-8))*5. Suppose -2*f + p*f = 222. Suppose -3*x + g = 5*g - f, -3*g = -5*x + 185. What is the remainder when x is divided by 19?
18
Let p(m) = m**2 - m - 1. Let n be p(-2). Suppose x + 0*t + 2*t = 1, x + 5 = -n*t. What is the remainder when x is divided by 0 + -1 + 1 - -3?
2
Let g = 2 + 0. Let k be (-11)/(-1) - (1 - -2). Suppose -k + g = -3*v. What is the remainder when v is divided by 1?
0
Suppose -4*j - 4 = 0, -5*c - 5*j + 280 = -45. Suppose -2*o = -g - o + 12, 5*o = -4*g + c. Calculate the remainder when g is divided by 8.
6
Let z(f) = f**2 - 3*f - 11. What is the remainder when z(9) is divided by 11?
10
Suppose -6*a + 27 = -9. What is the remainder when ((-4)/(-8))/(1/58) is divided by a?
5
Suppose -3*x = -2*h + 2 - 14, -4*x + 4*h + 20 = 0. What is the remainder when 4 is divided by x?
0
What is the remainder when (-4 - -1)/(3/(-39)) is divided by 20?
19
Suppose 3*p = -15, -g = 5*p + 47 - 18. Let n = 6 + g. Suppose 5*k - 3 = 2*k. What is the remainder when n is divided by k?
0
Let z(t) = t**2 - 8*t + 1. Calculate the remainder when 47 is divided by z(9).
7
Suppose -3*x + 3 = -0*x. Suppose l = -4*l + 95. What is the remainder when l is divided by ((-21)/(-12))/(x/4)?
5
Let n(g) = g**2 - 4*g + 4. Suppose 4*y + 4*o - 30 = 2, -4*o = -12. Calculate the remainder when -2 + 27 + 0/11 is divided by n(y).
7
Let k = -20 + 6. Let d = -12 - k. What is the remainder when 4*3/2 + -2 is divided by d?
0
Let l = -19 - -30. Suppose -2*k + 5*k = 60. Suppose -k = -r - 0. Calculate the remainder when r is divided by l.
9
Let b = -10 - -133. Calculate the remainder when b is divided by 31.
30
Let i(h) = -8*h + 9. What is the remainder when i(-8) is divided by 19?
16
Suppose 0 = -3*h - 2*f + 69, 115 = 4*h - 2*f + 9. Let s = 5 + -29. Calculate the remainder when h is divided by (-1)/(-2)*(4 - s).
11
Let n = -6 - -5. Let c(b) = -4*b**3 - b**2 - b - 1. Let w be c(n). Suppose -18 = -w*x - 3. What is the remainder when 8 is divided by x?
3
Let x be (42/(-9))/(6/(-63)). Suppose -3*l = -x - 26. What is the remainder when 72 is divided by l?
22
Let p = -59 - -116. What is the remainder when p is divided by 29?
28
Let q = -7 - -19. Calculate the remainder when ((-4)/q)/(2/(-138)) is divided by 6.
5
Calculate the remainder when (-44)/(-8 + 7) + (0 - -3) is divided by 12.
11
Suppose -3*a = 2*d - 16, 5*d = -3*a + 4*a + 6. Suppose 2*t + 0 + 28 = k, 0 = -d*k - 4*t + 48. Calculate the remainder when k is divided by (-1)/2 + (-19)/(-2).
8
Suppose 45 + 30 = 3*b. Calculate the remainder when b is divided by 14.
11
Let f = -11 - -9. Let b = f + 6. Calculate the remainder when b is divided by 3.
1
Let a(h) = -6*h**2 + 5*h + 2*h**3 + 3 - 5*h**3 + 4*h**3. Suppose 3*b + 2*b - 30 = 0. Calculate the remainder when a(b) is divided by 9.
6
Let c = 47 + -2. Suppose 2*y - 4*y = -3*q + 61, q + 4*y - 39 = 0. Calculate the remainder when c is divided by q.
22
Suppose -2*k + 794 = -4*t - 4*k, 0 = -5*t + 3*k - 1020. Let w(f) = -13*f**3 + f. What is the remainder when (-1)/(-2 + t/(-102)) is divided by w(-1)?
10
Suppose -l - 5*z = 3*l - 168, 0 = -5*z - 20. Let g(o) = 4*o**2 + 2*o - 1. Let j be g(1). Calculate the remainder when l is divided by 2/(-5) + 82/j.
15
Let q = -14 + 27. Calculate the remainder when 50 is divided by q.
11
Suppose n - 2*n = 5. Let z(k) = -2*k + 7. What is the remainder when 32 is divided by z(n)?
15
Suppose 5*n = 4*n + h + 15, 3*h - 83 = -5*n. What is the remainder when 26 is divided by n?
10
Suppose -a + 111 = 2*g - 51, -3*a - 178 = -2*g. What is the remainder when g is divided by 14?
13
Suppose 29 = 3*s - 43. Suppose -4*y - 18 = -4*n + 6, 0 = -4*n - 3*y + s. Let h(u) = -u**3 + 6*u**2 + u + 3. What is the remainder when h(n) is divided by 5?
4
Suppose 12 = 3*l + b, -5*l - 5*b = -2*l - 24. Suppose 0 = -3*w + 5*q - 11, -w + l*q - 7 = -2*q. Calculate the remainder when 49 is divided by w/(-10) + 868/35.
24
Let w(p) = p + 39. What is the remainder when 144 is divided by w(-10)?
28
Let s be (-2 - -1)/(-1)*1. Let r = s + 2. Suppose n + r*q = 28, q + 94 = 4*n - n. Calculate the remainder when n is divided by 16.
15
Let k = -62 + 149. Suppose 0*d + k = 3*d + i, -4*i + 29 = d. What is the remainder when 85 is divided by d?
27
Suppose 2*a = 3*i + 68, 2*i + 58 = 2*a + 4*i. Let q = -11 - -6. Let o(g) = -g + 6. Calculate the remainder when a is divided by o(q).
9
Let r = -62 - -73. What is the remainder when 30 is divided by r?
8
Let o(g) = 4*g - 2. Let q be o(-9). Let s = -5 - q. What is the remainder when s is divided by (1 + -7)*6/(-4)?
6
Let j(i) = -i**2 - 9*i + 4. Let n = 28 + 24. Calculate the remainder when n is divided by j(-7).
16
Suppose 9 = -4*z + 1, 18 = 3*g - 3*z. Suppose 20 = 4*a - g*t, 5*a - 2*t = a + 30. What is the remainder when ((-76)/6)/(4/(-6)) is divided by a?
9
Let o(x) = x**3 + x**2 + 0 - 4 - 3*x**2. What is the remainder when 8 is divided by o(3)?
3
Let r(j) = -j**2 + 7*j - 6. Let u be r(4). What is the remainder when u/(-24) + (-250)/(-8) is divided by 11?
9
Suppose -4*a - 20 + 92 = 0. What is the remainder when a is divided by 7?
4
Let a = -52 + 85. Calculate the remainder when 64 is divided by a.
31
Suppose -3*o - 2*r = -8, -5*r = -4*o + 6*o + 2. Calculate the remainder when 9 is divided by o.
1
Suppose 2*k - 28 = -2*g, 1 = -4*g - 7. What is the remainder when 79 is divided by k?
15
Suppose -108 = -2*s - 0*s. Suppose -4*t = -7*t + s. What is the remainder when t is divided by 144/15 + 4/10?
8
Let x(l) = 11*l**2 + 7*l + 9. Calculate the remainder when x(-3) is divided by 15.
12
Let m = 148 + -80. What is the remainder when m is divided by 23?
22
Let l = 25 + 22. What is the remainder when l is divided by 25?
22
What is the remainder when ((-39)/(-6) - -3)*4 is divided by 10?
8
Let a be 1/2 + 30/20. Calculate the remainder when 98 is divided by (-75)/a*18/(-27).
23
Suppose -7*s + 3*s = -44. Let v be (2/2)/(-1) + 28. What is the remainder when s is divided by 156/v - 2/(-9)?
5
Suppose -3*z - j = 2*z - 77, 0 = -5*z + 4*j + 92. What is the remainder when 29 is divided by z?
13
Let h(p) = p**2 + 5*p - 3. Let q be h(-6). Suppose -q*o + 168 = -0*o. What is the remainder when o is divided by 19?
18
Suppose 14*g - 15*g + 66 = 0. Calculate the remainder when g is divided by 23.
20
Suppose -4*w = 15 - 79. Suppose 0 = -2*c - 2*c + w. What is the remainder when 7 is divided by c?
3
Let z(j) = -j**2 - 5*j + 5. Let o be 1 + 2/(-2 + 3). Suppose t - 10 = -5*b, -t + 37 = -o*b - b. What is the remainder when t is divided by z(-4)?
7
Suppose -2*m = -j + 70, j - m - 2*m - 68 = 0. Calculate the remainder when j is divided by 26.
22
Let k = 3 - 3. Suppose k*g - 4*g = 0. What is the remainder when (-1 - g)/((-3)/114) is divided by 13?
12
Suppose -4*f = 20, -1 = -4*q + 2*f - 5*f. Suppose -2*c = -q - 8. Suppose -2*o = -5*h - 39, 9*h = 4*h - 5. Calculate the remainder when o is divided by c.
5
Let k(m) = -m**2 - 2*m + 1. Let v be k(-6). Let j = -19 - v. Calculate the remainder when j is divided by 3.
1
Let l(w) = -18*w**3 - 3*w**2 + 3*w - 7. Let d(u) = -9*u**3 - 2*u**2 + 2*u - 4. Let n(y) = -5*d(y) + 3*l(y). What is the remainder when 19 is divided by n(-1)?
9
Let l = 31 + -18. Let m = -130 + 201. Suppose 5*n - m = 119. What is the remainder when n is divided by l?
12
Suppose 16 + 4 = 5*g. What is the remainder when 9 is divided by g?
1
Suppose -i = -y + 3*y, -3*i - 2*y = -20. Let w = -6 + i. Suppose -3*j = -2*c + 6*c - 26, 5*j = w*c + 54. Calculate the remainder when 29 is divided by j.
9
Let d(w) = -2*w + 9. Let j = 6 - 10. Calculate the remainder when d(-4) is divided by -2*(6/j - 1).
2
Let g be (-10)/(-2 - -1) - 3. Let u(i) = -i**3 + 8*i**2 - 4*i - 5. Calculate the remainder when u(g) is divided by 6.
4
Let f(b) = -8*b - 5. Let g be f(-10). Suppose 2*s + g = 5*v, v - 6*v = 5*s - 40. What is the remainder when 49 is divided by v?
10
Suppose -169 + 25 = -4*p. Let r = p + -7. Suppose r + 1 = 2*j. What is